).
-9
Let l(f) = 2*f + 26. What is l(-12)?
2
Let s(g) = 8*g + 256. Give s(-32).
0
Let u(q) = -q**3 + 8*q**2 - 6*q + 5. Give u(7).
12
Let o(v) = v**3 - 8*v**2 + 11*v + 9. Give o(6).
3
Let q(g) = -g + 7. Determine q(6).
1
Let q(r) = -r**2 + 14*r + 1. Give q(13).
14
Let i(t) = -t**3 - 11*t**2 - 21*t - 9. Give i(-9).
18
Let t(a) = -a**3 + a + 3. Give t(0).
3
Let k(v) = -v**3 - v**2 - 23. Determine k(0).
-23
Let n(m) = -m**3 + 9*m**2 + 8*m + 15. Determine n(10).
-5
Let l(w) = w**2 + 9*w + 10. Calculate l(-7).
-4
Let s(k) = 5*k**2 + 7*k - 6. Determine s(1).
6
Let q(z) = 3*z + 6. Determine q(-7).
-15
Let l(j) = 2*j**2 - 62*j + 214. What is l(27)?
-2
Let k(y) = 2*y**2 + 4*y + 1. Calculate k(3).
31
Let k(s) = 3*s**2 + 11*s + 11. Give k(-7).
81
Let m(l) = l**3 + 5*l**2 - 5*l + 8. Calculate m(-6).
2
Let u(l) = -l**3 + 12*l**2 - 12*l + 10. Calculate u(11).
-1
Let h(z) = z**3 - 9*z**2 + 2*z - 13. Give h(9).
5
Let x(c) = -7*c - 6. What is x(-4)?
22
Let d(x) = x**3 - 9*x**2 + 17*x + 23. What is d(6)?
17
Let n(d) = 2*d + 5. Calculate n(3).
11
Let a(b) = -4*b**2 + 8*b. Determine a(1).
4
Let b(k) = k**3 + 34*k**2 + 64*k - 6. What is b(-32)?
-6
Let p(j) = -10*j - 8. Give p(-2).
12
Let j(u) = u**2 - 18*u - 10. Give j(17).
-27
Let g(m) = -m**2 - 7*m - 1. Calculate g(-6).
5
Let m(j) = -j**3 - 8*j**2 + 8*j - 6. What is m(-9)?
3
Let m(h) = -h**2 - 72*h - 207. Determine m(-3).
0
Let j(a) = -a**2 - 16*a + 21. Determine j(-16).
21
Let m(g) = 3*g + 6. Determine m(-8).
-18
Let f(a) = a + 16. What is f(-2)?
14
Let i(c) = c**2 - 18*c - 4. What is i(17)?
-21
Let j(u) = 62*u + 19. What is j(2)?
143
Let q(y) = y**3 - 6*y**2 - 8*y + 20. Determine q(4).
-44
Let p(w) = -8*w - 30. Determine p(0).
-30
Let m(o) = -o. What is m(0)?
0
Let s(v) = 5*v + 2. Determine s(-3).
-13
Let q(o) = -o**3 - 13*o**2 - o - 10. What is q(-13)?
3
Let x(m) = 3*m - 87. Determine x(28).
-3
Let b(g) = g**2 + 12*g + 12. What is b(-11)?
1
Let s(i) = -i**3 - 3*i**2 + 8*i - 10. Give s(-6).
50
Let n(d) = 2*d**3 - 26*d**2 + 19*d + 20. What is n(12)?
-40
Let r(i) = -i**2 - 14*i + 36. What is r(-18)?
-36
Let f(b) = -b**3 - 11*b + 6. Determine f(-3).
66
Let n(v) = -v**2 + 12*v + 5. What is n(-5)?
-80
Let n(f) = -6*f + 282. Determine n(48).
-6
Let n(w) = -w**3 - w**2 + w. What is n(2)?
-10
Let u(i) = 2*i**2 - 6*i + 13. What is u(3)?
13
Let h(x) = x**2 - 25*x + 15. Give h(23).
-31
Let p(i) = 5*i + 6. Determine p(-4).
-14
Let h(u) = 12*u + 4. What is h(2)?
28
Let b(w) = -3*w**2 + 7*w + 2. Calculate b(2).
4
Let s(i) = i**3 - 16*i**2 - 16*i - 16. Calculate s(17).
1
Let k(p) = 11*p + 765. Calculate k(-70).
-5
Let r(f) = -f + 18. Give r(13).
5
Let c(n) = 2*n - 16. Determine c(-2).
-20
Let j(y) = 3*y - 17. Calculate j(9).
10
Let z(t) = -t**3 + 18*t**2 + 18*t + 24. Give z(19).
5
Let t(r) = -r**3 - r**2 + r + 5. Calculate t(0).
5
Let s(c) = c**2 + 15*c + 53. What is s(-8)?
-3
Let s(d) = 2*d**3 - 12*d**2 - 5*d + 10. What is s(6)?
-20
Let g(i) = -9*i**2 + i + 3. Calculate g(2).
-31
Let f(d) = 8*d + 57. What is f(-8)?
-7
Let u(o) = o**3 - o**2 - 9. Give u(0).
-9
Let r(d) = -7*d**2 + 19*d + 7. Calculate r(3).
1
Let a(n) = -7*n - 95. Calculate a(-13).
-4
Let w(o) = 13*o - 12. What is w(-4)?
-64
Let t(g) = -g**3 - 7*g**2 + 8. Calculate t(-7).
8
Let z(v) = -2*v**3 - 64*v**2 - 61*v + 25. What is z(-31)?
-6
Let u(f) = 21*f - 375. Give u(18).
3
Let t(x) = -2*x**2 + 4*x - 4. Determine t(4).
-20
Let q(n) = -2*n**2 - 7*n - 2. What is q(-5)?
-17
Let t(w) = -2*w**2 - 33*w - 46. Calculate t(-15).
-1
Let a(r) = -r**3 + 4*r**2 - r. Determine a(3).
6
Let p(k) = k**2 + 20*k + 95. Give p(-10).
-5
Let y(l) = l**3 - l - 25. Give y(0).
-25
Let n(u) = 2*u - 31. What is n(20)?
9
Let z(y) = -y**2 + 11*y - 3. Calculate z(5).
27
Let s(w) = -25*w + 1. What is s(1)?
-24
Let v(s) = -s**2 - 16*s + 13. Calculate v(-20).
-67
Let b(i) = -i**2 - 33*i - 55. Give b(-31).
7
Let h(m) = -m**3 + 48*m**2 - 3*m + 137. Give h(48).
-7
Let x(q) = q**3 - 6*q**2 + 2*q - 4. What is x(3)?
-25
Let c(h) = h**2 - 17*h + 5. Determine c(14).
-37
Let k(q) = q**2 + 11*q + 40. What is k(-6)?
10
Let a(h) = -5*h + 1. What is a(-4)?
21
Let w(i) = i**2 + 2*i. What is w(2)?
8
Let f(m) = -23*m + 28. Calculate f(4).
-64
Let v(k) = -2*k**2 + 14*k - 11. Determine v(7).
-11
Let n(q) = -q**3 + 6*q**2 - 5*q + 4. Give n(5).
4
Let g(a) = -2*a**2 + 11*a - 4. Calculate g(2).
10
Let j(a) = -2*a**2 + 4*a + 94. Determine j(-6).
-2
Let g(v) = 2*v**2 + 40*v - 46. Determine g(-21).
-4
Let u(n) = -n**2 + 33*n - 269. What is u(13)?
-9
Let p(c) = -c**3 - 11*c**2 - 24*c + 14. Calculate p(-8).
14
Let d(i) = 2*i**2 - 8*i. Give d(4).
0
Let f(r) = r**3 - 28*r**2 + 3*r - 40. Calculate f(28).
44
Let f(n) = -31*n**3 + n**2 - 1. Give f(1).
-31
Let x(o) = -34*o - 102. Calculate x(-3).
0
Let t(m) = -6*m - 99. Calculate t(-17).
3
Let p(n) = -5*n + 24. Calculate p(-6).
54
Let b(j) = j**3 - 2*j**2 - 3*j - 2. Calculate b(-3).
-38
Let d(c) = 129*c + 125. What is d(-1)?
-4
Let x(c) = -c - 51. Give x(-45).
-6
Let h(p) = -4*p + 2. Give h(8).
-30
Let j(i) = -i - 5. What is j(-6)?
1
Let r(v) = -v**2 - 13*v + 139. Give r(-20).
-1
Let n(r) = -r**3 + 9*r**2 + 2*r - 13. Give n(9).
5
Let t(l) = -l**3 - 17*l**2 - 17*l - 4. Give t(-16).
12
Let y(q) = -q**3 + 5*q**2 + 16*q - 17. Give y(7).
-3
Let x(h) = -112*h - 663. What is x(-6)?
9
Let m(b) = -2*b**3 - 11*b**2 + 7*b + 5. Calculate m(-6).
-1
Let x(u) = -u**3 + 3*u**2 + 2*u - 2. Calculate x(-2).
14
Let y(p) = p**3 - 6*p**2 - 7*p + 7. Determine y(7).
7
Let g(l) = l**2 - 2*l + 1. What is g(1)?
0
Let c(g) = -8*g - 193. What is c(-17)?
-57
Let f(r) = r**2 + 21*r. Calculate f(-21).
0
Let h(x) = -2*x**2 + 5*x - 4. Give h(1).
-1
Let w(y) = 3*y**2 + 3*y + 11. Give w(5).
101
Let q(a) = -5*a + 18. Determine q(3).
3
Let z(h) = h**3 - 12*h**2 + 31*h + 6. Determine z(8).
-2
Let h(y) = -7*y - 3. Give h(-5).
32
Let f(z) = 2*z**2 + 10*z + 2. Calculate f(-7).
30
Let j(b) = -8*b - 67. What is j(-9)?
5
Let o(w) = 6*w**2 - 33*w + 3. Determine o(5).
-12
Let k(j) = 2*j - 33. Determine k(-6).
-45
Let s(p) = 3*p + 13. Give s(-4).
1
Let d(k) = 9*k + 110. Determine d(-11).
11
Let s(d) = d**2 + 20*d + 49. Calculate s(-3).
-2
Let c(p) = p**2 - 10*p + 41. Give c(10).
41
Let t(l) = -6*l - 75. Give t(-23).
63
Let v(q) = 3*q - 17. Calculate v(9).
10
Let h(w) = -2*w**2 - 6*w + 13. Determine h(-6).
-23
Let u(j) = -23*j - 671. What is u(-29)?
-4
Let b(c) = -13*c + 58. What is b(3)?
19
Let n(a) = -6*a**2 + 21*a + 5. Give n(4).
-7
Let z(h) = -27*h**3 + 2*h**2 + h - 1. What is z(-1)?
27
Let q(t) = -4*t - 104. Calculate q(-27).
4
Let c(h) = -h**2 + 9*h - 15. Determine c(4).
5
Let c(u) = u**2 - 11*u - 25. Give c(13).
1
Let z(o) = 2*o**3 - 5*o**2 + 7*o - 3. Give z(4).
73
Let k(t) = 29*t - 603. Calculate k(21).
6
Let g(f) = 13*f + 42. What is g(-7)?
-49
Let x(n) = -n**2 + 11*n + 22. What is x(-2)?
-4
Let s(m) = -11*m + 7. Determine s(5).
-48
Let h(r) = -r**3 - 24*r**2 - 27*r - 77. What is h(-23)?
15
Let f(o) = -2*o**2 - 20*o + 1. Calculate f(-10).
1
Let n(b) = -18*b - 317. Give n(-18).
7
Let m(q) = q**3 + 3*q**2 + q - 1. Calculate m(-4).
-21
Let m(i) = -i**3 + 8*i**2 - 20*i + 86. Calculate m(7).
-5
Let g(j) = -j**3 + 7*j**2 + 7*j - 2. Determine g(7).
47
Let k(l) = -l**2 - 34*l - 6. What is k(-34)?
-6
Let y(a) = -a**3 + 5*a**2 + 16*a + 9. What is y(7)?
23
Let w(d) = -d**2 + 18*d - 27. Determine w(6).
45
Let x(a) = 3*a**3 - 5*a**2 + 6*a - 5. Calculate x(2).
11
Let n(q) = q**3 - 21*q**2 - 44*q - 50. What is n(23)?
-4
Let t(o) = o**2 + 17*o + 19. Calculate t(-14).
-23
Let j(v) = 3*v**2 + 25*v + 6. Calculate j(-8).
-2
Let l(w) = -w**3 + 9*w**2 - 6*w + 12. Calculate l(9).
-42
Let x(w) = w**3 - 10*w**2 - 15*w + 26. Calculate x(11).
-18
Let a(w) = 3*w + 17. Give a(-8).
-7
Let s(p) = 5*p + 50. Give s(-10).
0
Let s(v) = -4*v + 2. Give s(1).
-2
Let k(j) = -9*j - 12. Determine k(-2).
6
Let d(q) = 43*q + 176. What is d(-4)?
4
Let j(f) = -f**3 + 2*f**2 - 2. What is j(3)?
-11
Let a(h) = 3*h**3 - h**2 - h + 1. Give a(2).
19
Let d(r) = -2*r**2 + 10*r + 15. Calculate d(6).
3
Let z(d) = -84*d - 2. Determine z(-1).
82
Let b(j) = 27*j**2 - j - 2. Calculate b(2).
104
Let g(d) = -d**2 - 30*d - 68. Determine g(-3).
13
Let n(o) = 7*o + 105. Determine n(-15).
0
Let f(a) = -a**3 - 11*a**2 - 7*a + 14. Calculate f(-10).
-16
Let n(m) = -4*m - 49. Deter